3
Let w(a) = 16*a - 106. Let u be w(8). Let g(c) = c. What are the prime factors of g(u)?
2, 11
Suppose -82*k = 51257 + 6268 - 466623. What are the prime factors of k?
3, 1663
Let t be (-42)/(-273) + (-2160)/13. What are the prime factors of t/((-184)/160 - (-6)/8)?
5, 83
Suppose -8*y = -21*y + 52. Suppose y*r - 14*x - 2136 = -11*x, -4*x = 3*r - 1577. What are the prime factors of r?
3, 59
Suppose 2*w = 0, -2*n + 77 = -3*w + 9. Let d = 355 + n. What are the prime factors of d?
389
Let v(p) = -11*p - 157. Let t(f) = -28*f - 25. Let h be t(0). List the prime factors of v(h).
2, 59
What are the prime factors of (-4 + (-298848)/28)/(26/(-91))?
2, 5, 37, 101
Let r(m) = 2*m**2 - 43*m - 43. Let s be r(22). List the prime factors of s*(-210)/(-18)*-3.
3, 5, 7
Let t = 756 + -735. Suppose -3*i + 3917 = -2*n, -20*i - 1323 = -t*i + 5*n. List the prime factors of i.
1303
Let u(r) = r**3 - r**2 - 7*r - 12. Let m = -26 + -51. Let l = -72 - m. What are the prime factors of u(l)?
53
Suppose -s + 119067 = 11*s - 105621. List the prime factors of s.
2, 31, 151
List the prime factors of (74/5)/((216/(-1260))/(426/(-14))).
37, 71
Suppose 2*v + 2*v + 504 = 0. Let a = v - -151. Let u = 167 - a. What are the prime factors of u?
2, 71
Let s(n) = 2*n**2 + 3*n + 1. Let v be s(-5). Let u = 52 - v. Suppose -u*h + 152 = -14*h. List the prime factors of h.
2, 19
Suppose 1238 = -m + 1934. Suppose 17*d + 84 = m. List the prime factors of d.
2, 3
Let f(s) = 72*s**2 + 13*s + 62. What are the prime factors of f(-6)?
2, 7, 23
Let j(g) = 2*g**2 + 34*g - 10. Let f be j(-16). What are the prime factors of 2260/14 + f/98?
7, 23
Let f(p) = 2*p + 18. Let d(m) = -m + 62. Let a be d(32). List the prime factors of f(a).
2, 3, 13
Suppose -73*i + 194065 = -238971. List the prime factors of i.
2, 1483
Let q(n) = -n + 7. Let b be q(5). Suppose 2*k = b*d - 20, -2 + 4 = k. Suppose -d*h + 8*h + 372 = 0. List the prime factors of h.
3, 31
Let i be (-7473)/(-12) + 3/(10 - -2). Let f = i + 44. What are the prime factors of f?
23, 29
Let y = 41 + -21. Let g be (3 - 1749)/(7 + -8). Suppose -29*p + g = -y*p. List the prime factors of p.
2, 97
Suppose 443*q - 18130968 = -3651956. What are the prime factors of q?
2, 8171
Suppose 5 = 5*y, -3*w + 1289 = -2*w + 5*y. Let u = w + -864. List the prime factors of u.
2, 3, 5, 7
Suppose -12*o = -15*o + 12. What are the prime factors of (2 - 897)*o/(-20)?
179
Suppose -216 - 1974 = -3*o. Let k = -465 + o. List the prime factors of k.
5, 53
Let l(y) = 13*y**2 + 11*y - 9. Let d be l(1). Let s(z) = -2*z**3 + 31*z**2 - 13*z + 27. What are the prime factors of s(d)?
3, 19
Suppose 8*f - 166 = 122. Suppose -10440 = -f*q + 26*q. What are the prime factors of q?
2, 3, 29
Suppose -3*s = 6*b - 91080, -76252 - 75524 = -5*s - 2*b. List the prime factors of s.
2, 3, 5059
Suppose -w - a + 3999 = w, -w + a + 2004 = 0. Suppose 0 = -4*p + 23 - 7, -5*d + p = -w. Suppose 12*s + d - 2849 = 0. What are the prime factors of s?
2, 3, 17
Let o(p) = p + 47. Let c be o(-33). Let a = c + 155. What are the prime factors of a?
13
Suppose -r + 6*r = -30. Let g be (1 - -8)*(-4)/r. List the prime factors of (9/(-6))/(g/(-404)).
101
Let w = 93581 + -50140. List the prime factors of w.
43441
Suppose 6480 = 10*c - 4*c. Let z = c - 523. What are the prime factors of z?
557
Suppose -1782 = -5*y + 3*y - 5*r, 4*r = -3*y + 2659. Let u = y + -519. List the prime factors of u.
2, 181
Let u(i) = -8*i + 19. Suppose 0*x - 2*o = 3*x, -4*o = 0. Suppose x = -38*f + 34*f - 52. List the prime factors of u(f).
3, 41
Suppose 5*n = 2*n + r + 805, 3*r + 12 = 0. Let v = -217 + n. List the prime factors of v.
2, 5
Suppose -1569 = -3*p - 2*p - 4*y, -4*y = -4*p + 1248. Suppose 15*d - p = 14*d. Suppose -2458 = -15*b - d. List the prime factors of b.
11, 13
Let y(r) be the third derivative of 24*r**5/5 - r**4/24 + r**3/3 - 57*r**2 - 2*r. List the prime factors of y(-2).
2, 17
Let n be (661*1)/(38/38). Suppose -n - 3434 = -15*z. List the prime factors of z.
3, 7, 13
Let l = 1476 + 94. Suppose 4*b - 2*z + 4*z = 1590, -4*b + l = -2*z. What are the prime factors of b?
5, 79
Suppose 0 = -r + 640 + 261. Let m = r + -345. What are the prime factors of m?
2, 139
Suppose 4*m = -5*d + 533, -m + 0*d + 128 = 3*d. Suppose -5*a = 2*g - 70 - m, -508 = -5*g - 3*a. What are the prime factors of g?
101
Let t(y) = -2*y**2 + y - 72. Let l be t(0). Let u = l - -104. Let n = 5 + u. List the prime factors of n.
37
Suppose -14 = -2*h, 9*o - 4*o - 54108 = h. What are the prime factors of o?
79, 137
Let a(k) = 2*k + 12. Let p be -2 + (-3 - -5 - 0). Let z be a(p). Suppose 0 = 4*m - 3*y - 28, 0 = 2*m + 2*y - 4*y - z. What are the prime factors of m?
2, 5
Suppose -12*t = -506 - 1630. Suppose t*z = 181*z - 1032. List the prime factors of z.
2, 43
Let y(h) = -287*h + 286. What are the prime factors of y(-5)?
1721
Let t = -151 + 349. Suppose -2*r + t = r. Let s = r - 20. What are the prime factors of s?
2, 23
Suppose -2*d = -3*w + 3228, -4*w - 4*d + 3196 = -1088. Let f be w/18 - 3/(9/2). Suppose -2*n + n + f = 0. What are the prime factors of n?
59
Let u be 10/(-7 - 33/(-4)). Suppose 664 = a - k, u*a + 2*k = 3*a + 3313. What are the prime factors of a?
3, 13, 17
Suppose 14374 = 5*z + 4*b - 6786, 4*z - 16919 = -5*b. What are the prime factors of z?
2, 3, 353
Let u be (3 - 3)/(-4 + 2). Suppose 5*c = 5*s + 10, -2*s + 7*s + 5 = u. Suppose -z = 4*z - g - 174, -c = -g. What are the prime factors of z?
5, 7
What are the prime factors of (-372 + 10 - -2)/(18/(-96))?
2, 3, 5
Suppose k + 72008 = 2*j, -j + 35995 = 19*k - 24*k. List the prime factors of j.
5, 19, 379
Let o(v) = -2*v - 6. Let n be o(2). Suppose -12 = -3*q, 0 = -4*b + 89*q - 84*q - 7580. What are the prime factors of (-6)/2 + b/n?
2, 3, 31
Let n(o) be the first derivative of -3*o**2/2 - 33*o - 23. Suppose 59 = -3*s + 23. List the prime factors of n(s).
3
Let i be (15/(-45))/((-2)/60). List the prime factors of (-7 - -821 - i/(-2)) + -3.
2, 3, 17
Suppose -2*a + a + 5*r = 3, -a - 3*r = -5. Let c(u) = u**3 - 9*u**2 - 2*u + 18. Let h be c(9). Suppose h = w + a - 28. What are the prime factors of w?
2, 13
Suppose -10*n = n - 22. List the prime factors of 8*n/((-8)/(-4)).
2
Suppose 16110 = 5*k + 2*p, 1822 = -k + p + 5037. What are the prime factors of k?
2, 5, 7, 23
Let y be (-375)/50*66/(-5). Let b = y + 307. List the prime factors of b.
2, 7, 29
Let p(i) be the first derivative of -5*i**3/6 - 5*i**2 - 17*i - 7. Let a(c) be the first derivative of p(c). List the prime factors of a(-3).
5
Let q(r) = r - 2. Let j be q(4). Suppose 0 = -j*b + b - 2*b. Suppose b = -14*x + 9*x + 675. What are the prime factors of x?
3, 5
Let q(s) = 4*s**2 - 133*s - 4474. List the prime factors of q(-32).
2, 7, 277
Suppose -8 = -25*q + 21*q. Suppose j = 5*j - 2*m - q, j = 3*m - 12. Suppose -78 = -t + j*l, 4*t = l + 3*l + 312. List the prime factors of t.
2, 3, 13
Let r = 127 + -201. Suppose -4*u + 719 = -5*j, j + 0*u + 151 = -u. Let w = r - j. What are the prime factors of w?
73
Suppose -537*w + 528*w + 11682 = 0. Suppose 0 = 4*x, b = 3*x - 6*x + w. List the prime factors of b.
2, 11, 59
Let b = 71 - 68. Suppose 0 = -u - b*u - h + 3646, 0 = 2*h - 4. What are the prime factors of u?
911
Let p = -1755 - 3760. Let d = -3828 - p. What are the prime factors of d?
7, 241
What are the prime factors of (-2340135)/(-125) + 218/(-2725)?
97, 193
Let o(h) = 825*h - 34. Let z be o(9). Suppose -14*r + z - 1413 = 0. List the prime factors of r.
7, 61
Suppose -2*k + 189696 = 4*k + 6*k. List the prime factors of k.
2, 13, 19
Let k(u) = u + 11. Let r be k(-12). Let h be (5 + -9)/r - -1160. Suppose -94 = 5*z - h. What are the prime factors of z?
2, 107
Suppose -7*c + 2 = 4*b - 10*c, 2*c + 2 = 3*b. Suppose 21 = 2*x - 5*p, -p + 16 = x + b*p. Suppose 0 = 10*a - x*a + 822. List the prime factors of a.
2, 137
Suppose -7 = -0*j - 4*j + 3*t, -4*j + t + 13 = 0. Let k(p) = -7*p - 7*p + j*p - 18. List the prime factors of k(-6).
2, 3, 7
Let g = -1876 - -847. What are the prime factors of (7/21)/((-1)/g)?
7
Let m(d) = -2*d**3 - 32*d**2 - 151*d - 5. List the prime factors of m(-18).
19, 211
Let o(w) = -w**3 - 95*w**2 - 370*w - 95. What are the prime factors of o(-92)?
3, 2851
Let i be (16/40*15)/(2/(-20)). Let s be (-4)/18 + -2 + i/(-27). Suppose s = -4*c 